 common factor of l and 20.
20
Suppose -3698 = -10*j - 828. What is the highest common factor of 41 and j?
41
Suppose 5*h - 1435 - 340 = -t, 0 = -3*h - 5*t + 1065. Calculate the greatest common factor of 5 and h.
5
Let a be 4/6 + 112/21. Suppose 28 = 4*i - 3*i + 2*g, -g = -3*i + 70. Calculate the highest common divisor of a and i.
6
Suppose -2*m - 5*n + 23 = 6, -2*m - 4*n = -14. Calculate the highest common factor of 1 and m.
1
Let s(u) = 19*u + 6. Let t be s(3). Suppose -y + 51 + t = 0. Calculate the greatest common factor of 6 and y.
6
Suppose 36 = 5*s - 14. Suppose -5*h + 696 = -k, 3*h - 4*k = -2*h + 684. Let g = h + -70. What is the highest common factor of g and s?
10
Suppose -5*j + 4*i = -345, i - 6*i = -3*j + 220. Let h = j + -57. What is the greatest common divisor of h and 8?
8
Suppose 0 = -w - 4*m - 8, 3*m - 5 = w - 18. Suppose w*c - 80 = 20. What is the greatest common divisor of c and 275?
25
Suppose -r + 13 = s, -58 - 43 = -5*s + 4*r. Let a = 98 - s. Calculate the greatest common divisor of a and 9.
9
Let k(a) be the first derivative of 5*a**2/2 - 29*a - 9. Let n be k(13). Calculate the greatest common divisor of n and 12.
12
Let l(r) = -r - 4. Let d be (-11 + 4)*(1 - 0). Let j be l(d). What is the greatest common factor of j and 3?
3
Let b = 25 - 14. Let g(p) = -48*p - 93. Let o be g(-10). Let y be o/b + 2/(-11). What is the greatest common divisor of 14 and y?
7
Let i(u) = u**2 + 16*u + 84. Let m be i(-8). Calculate the greatest common divisor of 65 and m.
5
Let b be -3 - (-1 + 7)*-20. Suppose 607 = -5*l + b. Let g = l + 168. Calculate the greatest common factor of g and 10.
10
Let z = -48 + 19. Let o(n) = -11*n + 1. Let t be o(2). Let g = t - z. What is the highest common factor of g and 1?
1
Let i be 3/2*(-8)/(-12). Let q be (52/39)/(i/3). Calculate the highest common factor of 8 and q.
4
Suppose 4*h - 1145 = -5*s, -3*s = -5*h - 379 - 271. Suppose -2*l + 232 + s = -q, 0 = -3*l + 3*q + 681. Calculate the highest common divisor of l and 46.
46
Suppose 4*i = 9 + 159. Suppose r + 4*x - 106 = 3*x, -5*x - 100 = -r. Calculate the highest common divisor of r and i.
21
Let f be 2/((-3)/(81/(-2))). Let u(p) = -31*p - 717. Let o be u(-24). Calculate the highest common factor of o and f.
27
Let b(f) = 30*f + 208. Let k be b(-6). What is the highest common factor of 196 and k?
28
Suppose -2*b + 3*l = 0, -2*b = -5*b + 4*l + 1. Suppose b*a - 22 = 35. What is the highest common factor of 209 and a?
19
Let d(g) = -g + 31. Let q be d(0). Let v be 99820/8050*(7 + -1)/((-4)/(-10)). What is the highest common divisor of v and q?
31
Suppose 4*t - 5*t = 0. Suppose 4*d + d - 10 = t. Suppose 60 = s + d*s. Calculate the greatest common factor of 50 and s.
10
Let g be (39/6)/((-3)/6). Let m = -6 - g. Let u = m - -21. What is the greatest common factor of 42 and u?
14
Let g = 871 - 823. Calculate the highest common factor of g and 156.
12
Suppose 3*k - 8*k + 15 = 0. Let t be k/12 - 6/(-8). Let m = 12 - 3. Calculate the greatest common factor of t and m.
1
Let r(c) = -4 - 7*c + 2 + 2 - 2*c**2 + 6. Let o be r(-5). Let g be (-1393)/o - (-2)/9. What is the highest common factor of g and 62?
31
Suppose -757*g - 286 = -768*g. Calculate the highest common divisor of 1534 and g.
26
Let m(y) be the second derivative of y**3 - 9*y**2 + 42*y. Let r be m(4). What is the greatest common factor of 48 and r?
6
Suppose -512 = -15*y + 1063. Calculate the highest common divisor of 15 and y.
15
Let a(q) = -6*q - 6. Let u be a(-4). Suppose -j - 4*v - 223 = 2*j, 5*j = 3*v - 391. Let s = 13 - j. Calculate the greatest common divisor of u and s.
18
Let y be 4 + 8/(24/15) + -1. Let u(m) = -13 + 13 + 20*m. Let x be u(2). Calculate the greatest common factor of x and y.
8
Suppose -2*p - p = -3*x - 276, 356 = 4*p - x. Let b(c) = -c**2 + c + 8. Let l be b(0). What is the greatest common factor of l and p?
8
Let z be 3 + (-1 - -1) + 322 + 8. What is the greatest common factor of 9 and z?
9
Let c = -11 + 22. Suppose 2*p - 400 = -4*o, -p = -o + 2*p + 93. What is the greatest common factor of o and c?
11
Suppose y = -5*h + 18, -9 = 2*y + h - 18. What is the highest common factor of 468 and y?
3
Let o(p) = 9*p + 2. Let n be o(6). Let r(c) = 5*c - 3*c - 3*c**2 - 4*c**3 + 11 + 2*c**3 - 18. Let w be r(-3). What is the greatest common divisor of w and n?
14
Let u = -8 - -16. Let r be (9 + 0)*(-2)/(-3). Suppose r*q - 129 = 15. Calculate the highest common factor of q and u.
8
Let w = 2684 - 2593. Calculate the greatest common factor of 49 and w.
7
Let a = -1921 - -1924. Calculate the highest common factor of 537 and a.
3
Let j(p) = 10*p - 4. Let w(g) = -10*g + 5. Let l(s) = 3*j(s) + 4*w(s). Let m be l(-1). What is the highest common factor of m and 162?
18
Let i be 4/(-38) + (-1427)/(-19). Calculate the greatest common divisor of i and 10.
5
Let z be (108/(-16))/((-4)/592). What is the greatest common factor of 37 and z?
37
Suppose -5*x = -169 - 91. Let r be (-5)/(20/16) - -17. What is the greatest common divisor of x and r?
13
Let c(h) be the first derivative of h**4/4 + 2*h**3 - 2*h**2 - h - 26. Let b be c(-6). Calculate the highest common factor of b and 23.
23
Let o = -272 + 303. Calculate the highest common factor of o and 1829.
31
Suppose 2*c - 1088 = -15*c. Calculate the highest common divisor of 40 and c.
8
Let w(c) = -6*c**3 - c**2 - c + 5. Let a be w(-2). Calculate the greatest common factor of 85 and a.
17
Let x be 38/18 + 5/(-45). Suppose x*v - 27 = -3*p, -p = v - 2*p - 1. Calculate the greatest common divisor of 42 and v.
6
Suppose -20 = -4*f + 36. Let j be 4/f - 1*61/(-7). What is the greatest common divisor of 9 and j?
9
Let i be ((-6)/(-1))/((-3)/(-8)). Suppose b - j = 9, 3*b - 5*j - 21 = i. What is the highest common factor of 20 and b?
4
Let k be 4/(-10) - 572/(-55). Calculate the greatest common factor of k and 35.
5
Suppose 0*c - 633 = -3*c. Let u be c + (-4)/((-3 + 7)/2). What is the highest common divisor of u and 19?
19
Suppose 0 = 23*h - 9 - 819. Let k = -8 + h. Calculate the greatest common factor of 4 and k.
4
Let c = -41 + 47. Let n(j) = -j**3 + 8*j**2 - 9*j. Let u be n(c). Calculate the greatest common divisor of 27 and u.
9
Let n(z) be the third derivative of -3*z**6/10 - z**5/60 + z**4/12 + z**3/3 - 12*z**2. Let l be n(-1). What is the highest common factor of l and 14?
7
Suppose -2953 - 3855 = -23*p. What is the highest common factor of 37 and p?
37
Let s(w) = 2*w**3 - 18*w**2 - 18*w + 79. Let u be s(10). Let x = -17 + 28. What is the highest common divisor of u and x?
11
Let j = 109 - 105. Suppose 5*h = 4*a + 15, 0 = 5*h + 3*a - 15. Suppose x + 56 = h*x + j*k, -4*k - 64 = -4*x. Calculate the highest common factor of 4 and x.
4
Suppose -194 = -25*x + 6. Calculate the greatest common factor of x and 104.
8
Let p(f) = 7*f**2 + 6*f - 8*f**2 - 5 + 6*f. Let j be p(9). What is the greatest common divisor of 2 and j?
2
Suppose t + 2*t - 9 = 0. Suppose -20 = -p - i + 6, -2*i = t*p - 81. Calculate the highest common divisor of 29 and p.
29
Let w be ((-286)/8)/(2/(-8)). Let h(b) = -41*b + 341. Let z be h(8). Calculate the highest common factor of w and z.
13
Suppose 0*m - m + 363 = b, 3*m - 3*b - 1071 = 0. Let a be (72/(-30))/(1/(-15)). Calculate the highest common factor of m and a.
36
Suppose -4*o + 31 = -3*n - 36, -2*o + 5*n + 51 = 0. What is the greatest common factor of o and 533?
13
Suppose 0 = f + f - 118. Let y = 69 - f. Calculate the greatest common divisor of 70 and y.
10
Suppose -3 = -9*n + 6*n, -3*b + 44 = -n. What is the greatest common divisor of b and 3?
3
Suppose 0 = 11*w - 9*w - 8. Suppose -s + 350 = w*s. Calculate the greatest common factor of s and 14.
14
Let u be 5/20 - (-43)/4. Let h = u + 0. Suppose -h - 1 = -4*p. Calculate the greatest common divisor of 6 and p.
3
Suppose 0 = 10*a - 14*a - 3*u + 51, -5*a + 65 = 4*u. What is the greatest common divisor of 384 and a?
3
Let q(s) = 81*s**3 - 2*s**2 + s + 2. Let a be q(-1). Let n = -58 - a. What is the greatest common divisor of 36 and n?
12
Let p = -83 + 83. Suppose p*z + 5*z = 2*g - 136, 2*z + 319 = 5*g. Calculate the greatest common factor of g and 42.
21
Suppose -1050*o = -1046*o - 120. What is the highest common divisor of o and 150?
30
Let y be (20/(-8))/(60/(-1872)). What is the highest comm